e remainder when 5383 is divided by 154?
147
Calculate the remainder when 55 is divided by 31.
24
What is the remainder when 7 is divided by 6?
1
What is the remainder when 1890 is divided by 61?
60
Calculate the remainder when 2789 is divided by 233.
226
Calculate the remainder when 359 is divided by 11.
7
Calculate the remainder when 293 is divided by 101.
91
Calculate the remainder when 72 is divided by 32.
8
What is the remainder when 924 is divided by 117?
105
Calculate the remainder when 77 is divided by 12.
5
What is the remainder when 88 is divided by 23?
19
Calculate the remainder when 284 is divided by 58.
52
Calculate the remainder when 784 is divided by 158.
152
What is the remainder when 558 is divided by 71?
61
Calculate the remainder when 119 is divided by 60.
59
Calculate the remainder when 70 is divided by 20.
10
What is the remainder when 513 is divided by 72?
9
Calculate the remainder when 18303 is divided by 22.
21
What is the remainder when 272 is divided by 94?
84
Calculate the remainder when 41 is divided by 15.
11
What is the remainder when 269 is divided by 145?
124
What is the remainder when 308 is divided by 102?
2
Calculate the remainder when 260 is divided by 12.
8
Calculate the remainder when 73 is divided by 51.
22
What is the remainder when 959 is divided by 15?
14
What is the remainder when 915 is divided by 7?
5
What is the remainder when 1035 is divided by 43?
3
Calculate the remainder when 296 is divided by 19.
11
What is the remainder when 24 is divided by 3?
0
Calculate the remainder when 150 is divided by 14.
10
What is the remainder when 190 is divided by 40?
30
Calculate the remainder when 822 is divided by 15.
12
What is the remainder when 1005 is divided by 29?
19
What is the remainder when 43 is divided by 7?
1
Calculate the remainder when 29025 is divided by 59.
56
What is the remainder when 10691 is divided by 18?
17
Calculate the remainder when 161 is divided by 6.
5
What is the remainder when 1255 is divided by 140?
135
What is the remainder when 1509 is divided by 139?
119
What is the remainder when 232 is divided by 13?
11
Calculate the remainder when 150 is divided by 140.
10
What is the remainder when 3793 is divided by 15?
13
What is the remainder when 140 is divided by 29?
24
What is the remainder when 164 is divided by 74?
16
What is the remainder when 2467 is divided by 95?
92
Calculate the remainder when 89 is divided by 65.
24
What is the remainder when 3313 is divided by 15?
13
Calculate the remainder when 4687 is divided by 293.
292
What is the remainder when 82 is divided by 49?
33
What is the remainder when 220 is divided by 84?
52
What is the remainder when 10796 is divided by 59?
58
Calculate the remainder when 710 is divided by 178.
176
What is the remainder when 1163 is divided by 128?
11
Calculate the remainder when 13 is divided by 12.
1
Calculate the remainder when 959 is divided by 48.
47
What is the remainder when 3021 is divided by 34?
29
What is the remainder when 987 is divided by 124?
119
What is the remainder when 171 is divided by 49?
24
Calculate the remainder when 1862 is divided by 85.
77
What is the remainder when 100 is divided by 28?
16
Calculate the remainder when 3209 is divided by 58.
19
What is the remainder when 2734 is divided by 17?
14
Calculate the remainder when 408 is divided by 137.
134
What is the remainder when 89 is divided by 7?
5
What is the remainder when 615 is divided by 26?
17
Calculate the remainder when 6187 is divided by 129.
124
What is the remainder when 3532 is divided by 221?
217
What is the remainder when 2358 is divided by 8?
6
What is the remainder when 320 is divided by 217?
103
Calculate the remainder when 1918 is divided by 28.
14
What is the remainder when 38 is divided by 11?
5
Calculate the remainder when 1005 is divided by 247.
17
What is the remainder when 728 is divided by 360?
8
What is the remainder when 249 is divided by 60?
9
What is the remainder when 45 is divided by 11?
1
What is the remainder when 28 is divided by 17?
11
What is the remainder when 699 is divided by 222?
33
Calculate the remainder when 657 is divided by 129.
12
What is the remainder when 58 is divided by 31?
27
What is the remainder when 577 is divided by 34?
33
Calculate the remainder when 129 is divided by 121.
8
Calculate the remainder when 1631 is divided by 177.
38
Calculate the remainder when 915 is divided by 78.
57
What is the remainder when 26 is divided by 14?
12
What is the remainder when 94 is divided by 24?
22
What is the remainder when 153 is divided by 6?
3
What is the remainder when 437 is divided by 140?
17
What is the remainder when 143 is divided by 9?
8
Calculate the remainder when 183 is divided by 41.
19
Calculate the remainder when 971 is divided by 39.
35
What is the remainder when 127 is divided by 10?
7
Calculate the remainder when 732 is divided by 49.
46
What is the remainder when 2586 is divided by 1285?
16
Calculate the remainder when 357 is divided by 348.
9
Calculate the remainder when 3866 is divided by 258.
254
Calculate the remainder when 2582 is divided by 11.
8
Calculate the remainder when 240 is divided by 51.
36
What is the remainder when 1193 is divided by 43?
32
Calculate the remainder when 430 is divided by 51.
22
Calculate the remainder when 984 is divided by 270.
174
Calculate the remainder when 69 is divided by 45.
24
Calculate the remainder when 958 is divided by 197.
170
Calculate the remainder when 215 is divided by 75.
65
Calculate the remainder when 567 is divided by 80.
7
What is the remainder when 38 is divided by 13?
12
Calculate the remainder when 767 is divided by 16.
15
What is the remainder when 15 is divided by 12?
3
Calculate the remainder when 489 is divided by 12.
9
What is the remainder when 877 is divided by 135?
67
What is the remainder when 258 is divided by 54?
42
Calculate the remainder when 837 is divided by 7.
4
Calculate the remainder when 600 is divided by 87.
78
Calculate the remainder when 481 is divided by 97.
93
Calculate the remainder when 113 is divided by 25.
13
What is the remainder when 428 is divided by 116?
80
What is the remainder when 343 is divided by 12?
7
What is the remainder when 854 is divided by 95?
94
Calculate the remainder when 891 is divided by 433.
25
What is the remainder when 368 is divided by 177?
14
Calculate the remainder when 12080 is divided by 14.
12
Calculate the remainder when 303 is divided by 38.
37
Calculate the remainder when 160 is divided by 44.
28
What is the remainder when 6046 is divided by 17?
11
What is the remainder when 252 is divided by 15?
12
What is the remainder when 69 is divided by 32?
5
Calculate the remainder when 6595 is divided by 15.
10
What is the remainder when 2636 is divided by 10?
6
What is the remainder when 1366 is divided by 36?
34
Calculate the remainder when 621 is divided by 245.
131
Calculate the remainder when 3396 is divided by 33.
30
What is the remainder when 2330 is divided by 490?
370
What is the remainder when 120 is divided by 95?
25
Calculate the remainder when 813 is divided by 136.
133
Calculate the remainder when 38 is divided by 14.
10
What is the remainder when 38 is divided by 23?
15
Calculate the remainder when 1677 is divided by 100.
77
Calculate the remainder when 416 is divided by 126.
38
What is the remainder when 224 is divided by 119?
105
What is the remainder when 30 is divided by 7?
2
Calculate the remainder when 14397 is divided by 80.
77
Calculate the remainder when 549 is divided by 6.
3
What is the remainder when 34 is divided by 20?
14
What is the remainder when 254 is divided by 71?
41
What is the remainder when 230 is divided by 22?
10
Calculate the remainder when 591 is divided by 144.
15
What is the remainder when 343 is divided by 67?
8
Calculate the remainder when 269 is divided by 41.
23
Calculate the remainder when 868 is divided by 68.
52
What is the remainder when 1407 is divided by 17?
13
What is the remainder when 5101 is divided by 111?
106
What is the remainder when 5553 is divided by 20?
13
Calculate the remainder when 4850 is divided by 27.
17
Calculate the remainder when 4486 is divided by 10.
6
Calculate the remainder when 1753 is divided by 15.
13
Calculate t